{"id":1960,"date":"2016-03-07T16:41:52","date_gmt":"2016-03-07T16:41:52","guid":{"rendered":"http:\/\/discussion.mikado-themes.com\/?page_id=1960"},"modified":"2016-03-07T16:41:52","modified_gmt":"2016-03-07T16:41:52","slug":"layout-5","status":"publish","type":"page","link":"https:\/\/radiobanda1.com.br\/portal\/?page_id=1960","title":{"rendered":"Layout 5"},"content":{"rendered":"<p>[vc_row][vc_column]<div class=\"mkd-bnl-holder mkd-pl-five-holder  mkd-post-columns-3\"  data-base=\"mkd_post_layout_five\"  data-number_of_posts=\"3\" data-column_number=\"3\" data-category_id=\"8\"       data-title=\"Three Columns\" data-pattern_style=\"light\" data-thumb_image_size=\"custom_size\" data-thumb_image_width=\"640\" data-thumb_image_height=\"407\" data-title_tag=\"h5\" data-title_length=\"20\"    data-display_comments=\"no\" data-display_share=\"no\" data-display_count=\"no\" data-display_excerpt=\"yes\" data-excerpt_length=\"6\" data-display_read_more=\"no\" data-display_pagination=\"no\"    data-paged=\"1\" data-max_pages=\"1\"><div class=\"mkd-layout-title-holder\"><span class=\"mkd-section-title-holder clearfix mkd-pattern-light\">\n            <span class=\"mkd-st-title\">\n        Three Columns        <\/span>\n    <\/span><\/div><div class=\"mkd-bnl-outer\"><div class=\"mkd-bnl-inner\"><div class=\"mkd-pt-five-item mkd-post-item\">\n\t<div class=\"mkd-pt-five-item-inner\">\n\t\t<div class=\"mkd-pt-five-top-content\">\n\t\t\t\t\t\t\t<div class=\"mkd-pt-five-image\">\n\t\t\t\t\t\t\t\t\t\t<a itemprop=\"url\" class=\"mkd-pt-five-link mkd-image-link\" href=\"https:\/\/radiobanda1.com.br\/portal\/?p=17373\" target=\"_self\">\n\t\t\t\t\t\t<img src=\"https:\/\/radiobanda1.com.br\/portal\/wp-content\/uploads\/2025\/11\/alunos-indep-640x407.jpeg\" alt=\"\" width=\"640\" height=\"407\" \/>\t\t\t\t\t<\/a>\n\t\t\t\t<\/div>\n\t\t\t\t\t\t<div class=\"mkd-pt-five-content\">\n\t\t\t\t<div class=\"mkd-pt-five-content-inner\">\n\t\t\t\t\t<h5 class=\"mkd-pt-five-title\">\n\t\t\t\t\t\t<a itemprop=\"url\" class=\"mkd-pt-link\" href=\"https:\/\/radiobanda1.com.br\/portal\/?p=17373\" target=\"_self\">Alunos Col\u00e9gio Estad...<\/a>\n\t\t\t\t\t<\/h5>\n\t\t\t\t\t<div itemprop=\"dateCreated\" class=\"mkd-post-info-date entry-date updated\">\n\t\t\t<a itemprop=\"url\" href=\"https:\/\/radiobanda1.com.br\/portal\/?m=202511\">\n\t\t5 de novembro de 2025\t\t\t<\/a>\n\t\t<meta itemprop=\"interactionCount\" content=\"UserComments: 0\"\/>\n<\/div>\t\t\t\t\t\t\t\t\t\t\t<div class=\"mkd-pt-one-excerpt\">\n\t\t\t\t\t\t\t<p class=\"mkd-post-excerpt\">Alunos Col\u00e9gio Estadual Jardim Independ\u00eancia de<\/p>\t\t\t\t\t\t<\/div>\n\t\t\t\t\t\t\t\t\t<\/div>\n\t\t\t\t\t\t\t<\/div>\n\t\t<\/div>\n\t<\/div>\n<\/div><div class=\"mkd-pt-five-item mkd-post-item\">\n\t<div class=\"mkd-pt-five-item-inner\">\n\t\t<div class=\"mkd-pt-five-top-content\">\n\t\t\t\t\t\t\t<div class=\"mkd-pt-five-image\">\n\t\t\t\t\t\t\t\t\t\t<a itemprop=\"url\" class=\"mkd-pt-five-link mkd-image-link\" href=\"https:\/\/radiobanda1.com.br\/portal\/?p=16713\" target=\"_self\">\n\t\t\t\t\t\t<img src=\"https:\/\/radiobanda1.com.br\/portal\/wp-content\/uploads\/2025\/08\/00157-640x407.jpg\" alt=\"\" width=\"640\" height=\"407\" \/>\t\t\t\t\t<\/a>\n\t\t\t\t<\/div>\n\t\t\t\t\t\t<div class=\"mkd-pt-five-content\">\n\t\t\t\t<div class=\"mkd-pt-five-content-inner\">\n\t\t\t\t\t<h5 class=\"mkd-pt-five-title\">\n\t\t\t\t\t\t<a itemprop=\"url\" class=\"mkd-pt-link\" href=\"https:\/\/radiobanda1.com.br\/portal\/?p=16713\" target=\"_self\">Pre\u00e7o da cesta b\u00e1sic...<\/a>\n\t\t\t\t\t<\/h5>\n\t\t\t\t\t<div itemprop=\"dateCreated\" class=\"mkd-post-info-date entry-date updated\">\n\t\t\t<a itemprop=\"url\" href=\"https:\/\/radiobanda1.com.br\/portal\/?m=202508\">\n\t\t21 de agosto de 2025\t\t\t<\/a>\n\t\t<meta itemprop=\"interactionCount\" content=\"UserComments: 0\"\/>\n<\/div>\t\t\t\t\t\t\t\t\t\t\t<div class=\"mkd-pt-one-excerpt\">\n\t\t\t\t\t\t\t<p class=\"mkd-post-excerpt\">O pre\u00e7o do conjunto dos alimentos<\/p>\t\t\t\t\t\t<\/div>\n\t\t\t\t\t\t\t\t\t<\/div>\n\t\t\t\t\t\t\t<\/div>\n\t\t<\/div>\n\t<\/div>\n<\/div><\/div><\/div><\/div>[\/vc_column][\/vc_row][vc_row css=&#8221;.vc_custom_1457369194989{padding-top: 20px !important;}&#8221;][vc_column]<div class=\"mkd-bnl-holder mkd-pl-five-holder  mkd-post-columns-2\"  data-base=\"mkd_post_layout_five\"  data-number_of_posts=\"2\" data-column_number=\"2\"     data-post_in=\"622, 541\"   data-title=\"Two Columns\" data-pattern_style=\"light\" data-thumb_image_size=\"full\"   data-title_tag=\"h4\"     data-display_comments=\"no\" data-display_share=\"no\" data-display_count=\"no\" data-display_excerpt=\"yes\" data-excerpt_length=\"15\" data-display_read_more=\"no\" data-display_pagination=\"no\"    data-paged=\"1\" ><div class=\"mkd-layout-title-holder\"><span class=\"mkd-section-title-holder clearfix mkd-pattern-light\">\n            <span class=\"mkd-st-title\">\n        Two Columns        <\/span>\n    <\/span><\/div><div class=\"mkd-bnl-outer\"><div class=\"mkd-bnl-inner\"><div class=\"mkd-pl-five-message\"><p>No posts were found.<\/p><\/div><\/div><\/div><\/div>[\/vc_column][\/vc_row][vc_row css=&#8221;.vc_custom_1457369204436{padding-top: 20px !important;}&#8221;][vc_column]<div class=\"mkd-bnl-holder mkd-pl-five-holder  mkd-post-columns-1 mkd-post-pag-np-horizontal\"  data-base=\"mkd_post_layout_five\"  data-number_of_posts=\"1\" data-column_number=\"1\"        data-title=\"With Pagination\" data-pattern_style=\"light\" data-thumb_image_size=\"full\"        data-display_comments=\"no\" data-display_share=\"no\" data-display_count=\"no\" data-display_excerpt=\"yes\" data-excerpt_length=\"30\" data-display_read_more=\"no\" data-display_pagination=\"yes\" data-pagination_type=\"np-horizontal\"   data-paged=\"1\" data-max_pages=\"614\"  data-next_page=\"2\"><div class=\"mkd-layout-title-holder\"><span class=\"mkd-section-title-holder clearfix mkd-pattern-light\">\n            <span class=\"mkd-st-title\">\n        With Pagination        <\/span>\n    <\/span><\/div><div class=\"mkd-bnl-outer\"><div class=\"mkd-bnl-inner\"><div class=\"mkd-pt-five-item mkd-post-item\">\n\t<div class=\"mkd-pt-five-item-inner\">\n\t\t<div class=\"mkd-pt-five-top-content\">\n\t\t\t\t\t\t\t<div class=\"mkd-pt-five-image\">\n\t\t\t\t\t\t\t\t\t\t<a itemprop=\"url\" class=\"mkd-pt-five-link mkd-image-link\" href=\"https:\/\/radiobanda1.com.br\/portal\/?p=18426\" target=\"_self\">\n\t\t\t\t\t\t<img width=\"700\" height=\"400\" src=\"https:\/\/radiobanda1.com.br\/portal\/wp-content\/uploads\/2026\/04\/328.jpg\" class=\"attachment-full size-full wp-post-image\" alt=\"\" loading=\"lazy\" srcset=\"https:\/\/radiobanda1.com.br\/portal\/wp-content\/uploads\/2026\/04\/328.jpg 700w, https:\/\/radiobanda1.com.br\/portal\/wp-content\/uploads\/2026\/04\/328-300x171.jpg 300w\" sizes=\"(max-width: 700px) 100vw, 700px\" \/>\t\t\t\t\t<\/a>\n\t\t\t\t<\/div>\n\t\t\t\t\t\t<div class=\"mkd-pt-five-content\">\n\t\t\t\t<div class=\"mkd-pt-five-content-inner\">\n\t\t\t\t\t<h3 class=\"mkd-pt-five-title\">\n\t\t\t\t\t\t<a itemprop=\"url\" class=\"mkd-pt-link\" href=\"https:\/\/radiobanda1.com.br\/portal\/?p=18426\" target=\"_self\">Moraes vota para condenar Eduardo Bolsonaro por difama\u00e7\u00e3o<\/a>\n\t\t\t\t\t<\/h3>\n\t\t\t\t\t<div itemprop=\"dateCreated\" class=\"mkd-post-info-date entry-date updated\">\n\t\t\t<a itemprop=\"url\" href=\"https:\/\/radiobanda1.com.br\/portal\/?m=202604\">\n\t\t17 de abril de 2026\t\t\t<\/a>\n\t\t<meta itemprop=\"interactionCount\" content=\"UserComments: 0\"\/>\n<\/div>\t\t\t\t\t\t\t\t\t\t\t<div class=\"mkd-pt-one-excerpt\">\n\t\t\t\t\t\t\t<p class=\"mkd-post-excerpt\">O ministro Alexandre de Moraes, do Supremo Tribunal Federal (STF), votou nesta sexta-feira (17) para condenar o ex-deputado federal Eduardo Bolsonaro (PL-SP) por difama\u00e7\u00e3o contra a deputada T\u00e1bata Amaral (PSB-SP).\r\n\r\nMoraes<\/p>\t\t\t\t\t\t<\/div>\n\t\t\t\t\t\t\t\t\t<\/div>\n\t\t\t\t\t\t\t<\/div>\n\t\t<\/div>\n\t<\/div>\n<\/div><\/div><\/div><div class=\"mkd-bnl-navigation-holder\">\n    <div class=\"mkd-bnl-navigation\">\n        <a class=\"mkd-bnl-nav-icon mkd-bnl-nav-prev\"><span class=\"ion-ios-arrow-left\"><\/span><\/a>\n        <a class=\"mkd-bnl-nav-icon mkd-bnl-nav-next\"><span class=\"ion-ios-arrow-right\"><\/span><\/a>\n    <\/div>\n<\/div><div class=\"mkd-post-ajax-preloader\" style=\"display: none;\">\n\t<div class=\"mkd-post-ajax-preloader-inner\">\n\t    <div class=\"mkd-pulse\"><\/div>\n\t    <div class=\"mkd-pulse\"><\/div>\n\t    <div class=\"mkd-pulse\"><\/div>\n\t<\/div>\n<\/div><\/div>[\/vc_column][\/vc_row]<\/p>\n","protected":false},"excerpt":{"rendered":"<p>[vc_row][vc_column][\/vc_column][\/vc_row][vc_row css=&#8221;.vc_custom_1457369194989{padding-top: 20px !important;}&#8221;][vc_column][\/vc_column][\/vc_row][vc_row css=&#8221;.vc_custom_1457369204436{padding-top: 20px !important;}&#8221;][vc_column][\/vc_column][\/vc_row]<\/p>\n","protected":false},"author":1,"featured_media":0,"parent":0,"menu_order":0,"comment_status":"closed","ping_status":"closed","template":"","meta":[],"_links":{"self":[{"href":"https:\/\/radiobanda1.com.br\/portal\/index.php?rest_route=\/wp\/v2\/pages\/1960"}],"collection":[{"href":"https:\/\/radiobanda1.com.br\/portal\/index.php?rest_route=\/wp\/v2\/pages"}],"about":[{"href":"https:\/\/radiobanda1.com.br\/portal\/index.php?rest_route=\/wp\/v2\/types\/page"}],"author":[{"embeddable":true,"href":"https:\/\/radiobanda1.com.br\/portal\/index.php?rest_route=\/wp\/v2\/users\/1"}],"replies":[{"embeddable":true,"href":"https:\/\/radiobanda1.com.br\/portal\/index.php?rest_route=%2Fwp%2Fv2%2Fcomments&post=1960"}],"version-history":[{"count":0,"href":"https:\/\/radiobanda1.com.br\/portal\/index.php?rest_route=\/wp\/v2\/pages\/1960\/revisions"}],"wp:attachment":[{"href":"https:\/\/radiobanda1.com.br\/portal\/index.php?rest_route=%2Fwp%2Fv2%2Fmedia&parent=1960"}],"curies":[{"name":"wp","href":"https:\/\/api.w.org\/{rel}","templated":true}]}}