{"id":1039,"date":"2016-02-26T14:59:25","date_gmt":"2016-02-26T14:59:25","guid":{"rendered":"http:\/\/discussion.mikado-themes.com\/?page_id=1039"},"modified":"2016-02-26T14:59:25","modified_gmt":"2016-02-26T14:59:25","slug":"slider-block","status":"publish","type":"page","link":"https:\/\/radiobanda1.com.br\/portal\/?page_id=1039","title":{"rendered":"Slider Block"},"content":{"rendered":"<p>[vc_row][vc_column]<div class=\"mkd-bnl-holder mkd-pb-four-holder  mkd-block-revealing\"  data-base=\"mkd_block_four\"  data-content_in_grid=\"yes\" data-slider_height=\"610\"     data-post_in=\"635, 536, 311, 309, 89, 349\"   data-featured_thumb_image_size=\"custom_size\" data-featured_thumb_image_width=\"1920\" data-featured_thumb_image_height=\"615\"        data-custom_thumb_image_width=\"85\" data-custom_thumb_image_height=\"85\"       data-number_of_posts=\"5\"  data-paged=\"1\" ><div class=\"mkd-bnl-outer\"><div class=\"mkd-pb-four-message\"><p>No posts were found.<\/p><\/div><\/div><\/div>[\/vc_column][\/vc_row][vc_row content_width=&#8221;grid&#8221; css=&#8221;.vc_custom_1456500332866{padding-top: 40px !important;}&#8221;][vc_column offset=&#8221;vc_col-lg-9 vc_col-md-12&#8243;]<div class=\"mkd-tabs clearfix mkd-tabs-with-title\">\n    <div class=\"mkd-tabs-nav\">\n                    <div class=\"mkd-tabs-title-holder\">\n\t\t\t\t<span class=\"mkd-section-title-holder clearfix \">\n            <span class=\"mkd-st-title\">\n        Popular News        <\/span>\n    <\/span>            <\/div>\n                <ul>\n                            <li>\n                    <a href=\"#tab-fashion\">Fashion<\/a>\n                <\/li>\n                            <li>\n                    <a href=\"#tab-sport\">Sport<\/a>\n                <\/li>\n                            <li>\n                    <a href=\"#tab-technology\">Technology<\/a>\n                <\/li>\n                            <li>\n                    <a href=\"#tab-health\">Health<\/a>\n                <\/li>\n                    <\/ul>\n    <\/div>\n    <div class=\"mkd-tab-container\" id=\"tab-fashion-606\">\n<div class=\"mkd-bnl-holder mkd-pl-five-holder  mkd-post-columns-1\"  data-base=\"mkd_post_layout_five\"  data-number_of_posts=\"1\" data-column_number=\"1\"     data-post_in=\"307\"     data-thumb_image_size=\"custom_size\" data-thumb_image_width=\"967\" data-thumb_image_height=\"480\" data-title_tag=\"h3\"           data-display_pagination=\"no\"    data-paged=\"1\" ><div class=\"mkd-bnl-outer\"><div class=\"mkd-bnl-inner\"><div class=\"mkd-pl-five-message\"><p>No posts were found.<\/p><\/div><\/div><\/div><\/div><\/div><div class=\"mkd-tab-container\" id=\"tab-sport-165\">\n<div class=\"mkd-bnl-holder mkd-pl-five-holder  mkd-post-columns-1\"  data-base=\"mkd_post_layout_five\"  data-number_of_posts=\"1\" data-column_number=\"1\" data-category_id=\"7\"         data-thumb_image_size=\"custom_size\" data-thumb_image_width=\"967\" data-thumb_image_height=\"480\" data-title_tag=\"h3\"           data-display_pagination=\"no\"    data-paged=\"1\" data-max_pages=\"2\"><div class=\"mkd-bnl-outer\"><div class=\"mkd-bnl-inner\"><div class=\"mkd-pt-five-item mkd-post-item\">\n\t<div class=\"mkd-pt-five-item-inner\">\n\t\t<div class=\"mkd-pt-five-top-content\">\n\t\t\t\t\t\t\t<div class=\"mkd-pt-five-image\">\n\t\t\t\t\t\t\t\t\t\t<a itemprop=\"url\" class=\"mkd-pt-five-link mkd-image-link\" href=\"https:\/\/radiobanda1.com.br\/portal\/?p=18183\" target=\"_self\">\n\t\t\t\t\t\t<img src=\"https:\/\/radiobanda1.com.br\/portal\/wp-content\/uploads\/2026\/03\/CopaDoBrasil-02-1-967x480.png\" alt=\"\" width=\"967\" height=\"480\" \/>\t\t\t\t\t<\/a>\n\t\t\t\t<\/div>\n\t\t\t\t\t\t<div class=\"mkd-pt-five-content\">\n\t\t\t\t<div class=\"mkd-pt-five-content-inner\">\n\t\t\t\t\t<h3 class=\"mkd-pt-five-title\">\n\t\t\t\t\t\t<a itemprop=\"url\" class=\"mkd-pt-link\" href=\"https:\/\/radiobanda1.com.br\/portal\/?p=18183\" target=\"_self\">Copa do Brasil 2026: Sorteio da quinta fase jogos.<\/a>\n\t\t\t\t\t<\/h3>\n\t\t\t\t\t<div itemprop=\"dateCreated\" class=\"mkd-post-info-date entry-date updated\">\n\t\t\t<a itemprop=\"url\" href=\"https:\/\/radiobanda1.com.br\/portal\/?m=202603\">\n\t\t23 de mar\u00e7o de 2026\t\t\t<\/a>\n\t\t<meta itemprop=\"interactionCount\" content=\"UserComments: 0\"\/>\n<\/div>\t\t\t\t\t\t\t\t\t<\/div>\n\t\t\t\t\t\t\t\t\t<div class=\"mkd-pt-info-section clearfix\">\n\t\t\t\t\t\t<div class=\"mkd-pt-info-section-left\">\n\t\t\t\t\t\t\t<div class=\"mkd-post-info-comments-holder\"><a class=\"mkd-post-info-comments\" href=\"https:\/\/radiobanda1.com.br\/portal\/?p=18183#respond\" target=\"_self\">0 Comments<\/a><\/div><div class=\"mkd-post-info-count\"><span class=\"mkd-post-count-number\">72<\/span> <span class=\"mkd-post-count-text\">Views<\/span><\/div>\t\t\t\t\t\t<\/div>\n\t\t\t\t\t\t<div class=\"mkd-pt-info-section-right\">\n\t\t\t\t\t\t\t\t\t\t\t\t\t<\/div>\n\t\t\t\t\t<\/div>\n\t\t\t\t\t\t\t<\/div>\n\t\t<\/div>\n\t<\/div>\n<\/div><\/div><\/div><\/div><\/div><div class=\"mkd-tab-container\" id=\"tab-technology-540\">\n<div class=\"mkd-bnl-holder mkd-pl-five-holder  mkd-post-columns-1\"  data-base=\"mkd_post_layout_five\"  data-number_of_posts=\"1\" data-column_number=\"1\" data-category_id=\"8\"         data-thumb_image_size=\"custom_size\" data-thumb_image_width=\"967\" data-thumb_image_height=\"480\" data-title_tag=\"h3\"           data-display_pagination=\"no\"    data-paged=\"1\" data-max_pages=\"2\"><div class=\"mkd-bnl-outer\"><div class=\"mkd-bnl-inner\"><div class=\"mkd-pt-five-item mkd-post-item\">\n\t<div class=\"mkd-pt-five-item-inner\">\n\t\t<div class=\"mkd-pt-five-top-content\">\n\t\t\t\t\t\t\t<div class=\"mkd-pt-five-image\">\n\t\t\t\t\t\t\t\t\t\t<a itemprop=\"url\" class=\"mkd-pt-five-link mkd-image-link\" href=\"https:\/\/radiobanda1.com.br\/portal\/?p=17373\" target=\"_self\">\n\t\t\t\t\t\t<img src=\"https:\/\/radiobanda1.com.br\/portal\/wp-content\/uploads\/2025\/11\/alunos-indep-967x480.jpeg\" alt=\"\" width=\"967\" height=\"480\" \/>\t\t\t\t\t<\/a>\n\t\t\t\t<\/div>\n\t\t\t\t\t\t<div class=\"mkd-pt-five-content\">\n\t\t\t\t<div class=\"mkd-pt-five-content-inner\">\n\t\t\t\t\t<h3 class=\"mkd-pt-five-title\">\n\t\t\t\t\t\t<a itemprop=\"url\" class=\"mkd-pt-link\" href=\"https:\/\/radiobanda1.com.br\/portal\/?p=17373\" target=\"_self\">Alunos Col\u00e9gio Estadual Jardim Independ\u00eancia Sarandi Pr. Participa de Cient\u00edfica Paran\u00e1 Faz Ci\u00eancia<\/a>\n\t\t\t\t\t<\/h3>\n\t\t\t\t\t<div itemprop=\"dateCreated\" class=\"mkd-post-info-date entry-date updated\">\n\t\t\t<a itemprop=\"url\" href=\"https:\/\/radiobanda1.com.br\/portal\/?m=202511\">\n\t\t5 de novembro de 2025\t\t\t<\/a>\n\t\t<meta itemprop=\"interactionCount\" content=\"UserComments: 0\"\/>\n<\/div>\t\t\t\t\t\t\t\t\t<\/div>\n\t\t\t\t\t\t\t\t\t<div class=\"mkd-pt-info-section clearfix\">\n\t\t\t\t\t\t<div class=\"mkd-pt-info-section-left\">\n\t\t\t\t\t\t\t<div class=\"mkd-post-info-comments-holder\"><a class=\"mkd-post-info-comments\" href=\"https:\/\/radiobanda1.com.br\/portal\/?p=17373#respond\" target=\"_self\">0 Comments<\/a><\/div><div class=\"mkd-post-info-count\"><span class=\"mkd-post-count-number\">224<\/span> <span class=\"mkd-post-count-text\">Views<\/span><\/div>\t\t\t\t\t\t<\/div>\n\t\t\t\t\t\t<div class=\"mkd-pt-info-section-right\">\n\t\t\t\t\t\t\t\t\t\t\t\t\t<\/div>\n\t\t\t\t\t<\/div>\n\t\t\t\t\t\t\t<\/div>\n\t\t<\/div>\n\t<\/div>\n<\/div><\/div><\/div><\/div><\/div><div class=\"mkd-tab-container\" id=\"tab-health-707\">\n<div class=\"mkd-bnl-holder mkd-pl-five-holder  mkd-post-columns-1\"  data-base=\"mkd_post_layout_five\"  data-number_of_posts=\"1\" data-column_number=\"1\" data-category_id=\"3\"         data-thumb_image_size=\"custom_size\" data-thumb_image_width=\"967\" data-thumb_image_height=\"480\" data-title_tag=\"h3\"           data-display_pagination=\"no\"    data-paged=\"1\" data-max_pages=\"614\"><div class=\"mkd-bnl-outer\"><div class=\"mkd-bnl-inner\"><div class=\"mkd-pt-five-item mkd-post-item\">\n\t<div class=\"mkd-pt-five-item-inner\">\n\t\t<div class=\"mkd-pt-five-top-content\">\n\t\t\t\t\t\t\t<div class=\"mkd-pt-five-image\">\n\t\t\t\t\t\t\t\t\t\t<a itemprop=\"url\" class=\"mkd-pt-five-link mkd-image-link\" href=\"https:\/\/radiobanda1.com.br\/portal\/?p=18426\" target=\"_self\">\n\t\t\t\t\t\t<img src=\"https:\/\/radiobanda1.com.br\/portal\/wp-content\/uploads\/2026\/04\/328-967x480.jpg\" alt=\"\" width=\"967\" height=\"480\" \/>\t\t\t\t\t<\/a>\n\t\t\t\t<\/div>\n\t\t\t\t\t\t<div class=\"mkd-pt-five-content\">\n\t\t\t\t<div class=\"mkd-pt-five-content-inner\">\n\t\t\t\t\t<h3 class=\"mkd-pt-five-title\">\n\t\t\t\t\t\t<a itemprop=\"url\" class=\"mkd-pt-link\" href=\"https:\/\/radiobanda1.com.br\/portal\/?p=18426\" target=\"_self\">Moraes vota para condenar Eduardo Bolsonaro por difama\u00e7\u00e3o<\/a>\n\t\t\t\t\t<\/h3>\n\t\t\t\t\t<div itemprop=\"dateCreated\" class=\"mkd-post-info-date entry-date updated\">\n\t\t\t<a itemprop=\"url\" href=\"https:\/\/radiobanda1.com.br\/portal\/?m=202604\">\n\t\t17 de abril de 2026\t\t\t<\/a>\n\t\t<meta itemprop=\"interactionCount\" content=\"UserComments: 0\"\/>\n<\/div>\t\t\t\t\t\t\t\t\t<\/div>\n\t\t\t\t\t\t\t\t\t<div class=\"mkd-pt-info-section clearfix\">\n\t\t\t\t\t\t<div class=\"mkd-pt-info-section-left\">\n\t\t\t\t\t\t\t<div class=\"mkd-post-info-comments-holder\"><a class=\"mkd-post-info-comments\" href=\"https:\/\/radiobanda1.com.br\/portal\/?p=18426#respond\" target=\"_self\">0 Comments<\/a><\/div><div class=\"mkd-post-info-count\"><span class=\"mkd-post-count-number\">25<\/span> <span class=\"mkd-post-count-text\">Views<\/span><\/div>\t\t\t\t\t\t<\/div>\n\t\t\t\t\t\t<div class=\"mkd-pt-info-section-right\">\n\t\t\t\t\t\t\t\t\t\t\t\t\t<\/div>\n\t\t\t\t\t<\/div>\n\t\t\t\t\t\t\t<\/div>\n\t\t<\/div>\n\t<\/div>\n<\/div><\/div><\/div><\/div><\/div><\/div>[vc_empty_space height=&#8221;20px&#8221;]<span class=\"mkd-section-title-holder clearfix mkd-pattern-light\">\n            <span class=\"mkd-st-title\">\n        Lifestyle        <\/span>\n    <\/span>[vc_row_inner][vc_column_inner css=&#8221;.vc_custom_1457538969992{padding-right: 10px !important;}&#8221; offset=&#8221;vc_col-lg-6 vc_col-md-6&#8243;]<div class=\"mkd-bnl-holder mkd-pb-three-holder  \"  data-base=\"mkd_block_three\"  data-number_of_posts=\"4\"     data-post_in=\"641, 541, 635, 622\"     data-featured_thumb_image_size=\"custom_size\" data-featured_thumb_image_width=\"600\" data-featured_thumb_image_height=\"384\" data-featured_title_tag=\"h4\"         data-featured_display_excerpt=\"no\"           data-display_pagination=\"no\"    data-paged=\"1\" ><div class=\"mkd-bnl-outer\"><div class=\"mkd-pb-three-message\"><p>No posts were found.<\/p><\/div><\/div><\/div>[vc_empty_space height=&#8221;40px&#8221;][\/vc_column_inner][vc_column_inner css=&#8221;.vc_custom_1457538978918{padding-left: 10px !important;}&#8221; offset=&#8221;vc_col-lg-6 vc_col-md-6&#8243;]<div class=\"mkd-bnl-holder mkd-pb-three-holder  \"  data-base=\"mkd_block_three\"  data-number_of_posts=\"4\"     data-post_in=\"358, 391, 323, 349\"  data-sort=\"featured_first\"   data-featured_thumb_image_size=\"custom_size\" data-featured_thumb_image_width=\"600\" data-featured_thumb_image_height=\"384\" data-featured_title_tag=\"h4\"         data-featured_display_excerpt=\"no\"           data-display_pagination=\"no\"    data-paged=\"1\" ><div class=\"mkd-bnl-outer\"><div class=\"mkd-pb-three-message\"><p>No posts were found.<\/p><\/div><\/div><\/div>[vc_empty_space height=&#8221;40px&#8221;][\/vc_column_inner][\/vc_row_inner]<div class=\"mkd-bnl-holder mkd-pl-six-holder  mkd-post-columns-3 mkd-post-pag-np-horizontal\"  data-base=\"mkd_post_layout_six\"  data-number_of_posts=\"6\" data-column_number=\"3\"     data-post_in=\"614, 471, 208, 283, 309, 244, 76, 61, 73, 155, 152, 134\"   data-title=\"Don&#039;t Miss\" data-pattern_style=\"light\" data-thumb_image_size=\"custom_size\" data-thumb_image_width=\"374\" data-thumb_image_height=\"228\" data-title_tag=\"h5\"          data-display_pagination=\"yes\" data-pagination_type=\"np-horizontal\"   data-paged=\"1\"   data-next_page=\"2\"><div class=\"mkd-layout-title-holder\"><span class=\"mkd-section-title-holder clearfix mkd-pattern-light\">\n            <span class=\"mkd-st-title\">\n        Don&#039;t Miss        <\/span>\n    <\/span><\/div><div class=\"mkd-bnl-outer\"><div class=\"mkd-bnl-inner\"><div class=\"mkd-pl-six-message\"><p>No posts were found.<\/p><\/div><\/div><\/div><\/div>[vc_empty_space height=&#8221;20px&#8221;]<div class=\"mkd-bnl-holder mkd-pl-two-holder  mkd-post-columns-1 mkd-post-pag-np-horizontal\"  data-base=\"mkd_post_layout_two\"  data-number_of_posts=\"3\" data-column_number=\"1\"     data-post_in=\"550, 533, 527\"   data-title=\"Roadtrip Report\" data-pattern_style=\"light\"  data-custom_thumb_image_height=\"219\"  data-title_length=\"30\"       data-display_excerpt=\"yes\" data-excerpt_length=\"25\" data-display_pagination=\"yes\" data-pagination_type=\"np-horizontal\"    data-paged=\"1\"   data-next_page=\"2\"><div class=\"mkd-layout-title-holder\"><span class=\"mkd-section-title-holder clearfix mkd-pattern-light\">\n            <span class=\"mkd-st-title\">\n        Roadtrip Report        <\/span>\n    <\/span><\/div><div class=\"mkd-bnl-outer\"><div class=\"mkd-bnl-inner\"><div class=\"mkd-pl-two-message\"><p>No posts were found.<\/p><\/div><\/div><\/div><\/div>[vc_single_image image=&#8221;2987&#8243; img_size=&#8221;full&#8221; onclick=&#8221;custom_link&#8221; link=&#8221;#&#8221; css=&#8221;.vc_custom_1457704542935{padding-top: 40px !important;padding-bottom: 40px !important;}&#8221;][\/vc_column][vc_column width=&#8221;2\/3&#8243; offset=&#8221;vc_col-lg-3 vc_col-md-8&#8243;][vc_widget_sidebar margin_bottom=&#8221;40&#8243; sidebar_id=&#8221;home-sidebar-top&#8221;][\/vc_column][\/vc_row][vc_row content_width=&#8221;grid&#8221;][vc_column]<div class=\"mkd-bnl-holder mkd-pl-nine-holder  mkd-post-columns-4\"  data-base=\"mkd_post_layout_nine\"  data-number_of_posts=\"4\" data-column_number=\"4\"     data-post_in=\"237, 234, 220, 202, 244, 247, 242, 232\"   data-title=\"Music News\" data-pattern_style=\"light\" data-thumb_image_size=\"custom_size\" data-thumb_image_width=\"374\" data-thumb_image_height=\"263\"       data-display_post_type_icon=\"yes\" data-display_pagination=\"no\"    data-paged=\"1\" ><div class=\"mkd-layout-title-holder\"><span class=\"mkd-section-title-holder clearfix mkd-pattern-light\">\n            <span class=\"mkd-st-title\">\n        Music News        <\/span>\n    <\/span><\/div><div class=\"mkd-bnl-outer\"><div class=\"mkd-bnl-inner\"><div class=\"mkd-pl-nine-message\"><p>No posts were found.<\/p><\/div><\/div><\/div><\/div>[\/vc_column][\/vc_row][vc_row content_width=&#8221;grid&#8221; css=&#8221;.vc_custom_1456502911399{padding-top: 20px !important;}&#8221;][vc_column offset=&#8221;vc_col-lg-9 vc_col-md-12&#8243;]<div class=\"mkd-bnl-holder mkd-pl-six-holder  mkd-post-columns-3 mkd-post-pag-infinite\"  data-base=\"mkd_post_layout_six\"  data-number_of_posts=\"12\" data-column_number=\"3\"  data-category_slug=\"world, fashion\"    data-post_not_in=\"641, 638\"  data-title=\"Lifestyle\" data-pattern_style=\"light\" data-thumb_image_size=\"custom_size\" data-thumb_image_width=\"374\" data-thumb_image_height=\"228\" data-title_tag=\"h5\" data-title_length=\"35\"         data-display_pagination=\"yes\" data-pagination_type=\"infinite\"   data-paged=\"1\"   data-next_page=\"2\"><div class=\"mkd-layout-title-holder\"><span class=\"mkd-section-title-holder clearfix mkd-pattern-light\">\n            <span class=\"mkd-st-title\">\n        Lifestyle        <\/span>\n    <\/span><\/div><div class=\"mkd-bnl-outer\"><div class=\"mkd-bnl-inner\"><div class=\"mkd-pl-six-message\"><p>No posts were found.<\/p><\/div><\/div><\/div><\/div>[\/vc_column][vc_column width=&#8221;2\/3&#8243; offset=&#8221;vc_col-lg-3 vc_col-md-8&#8243;][vc_widget_sidebar sidebar_id=&#8221;home-sidebar-bottom&#8221;][\/vc_column][\/vc_row]<\/p>\n","protected":false},"excerpt":{"rendered":"<p>[vc_row][vc_column][\/vc_column][\/vc_row][vc_row content_width=&#8221;grid&#8221; css=&#8221;.vc_custom_1456500332866{padding-top: 40px !important;}&#8221;][vc_column offset=&#8221;vc_col-lg-9 vc_col-md-12&#8243;][vc_empty_space height=&#8221;20px&#8221;][vc_row_inner][vc_column_inner css=&#8221;.vc_custom_1457538969992{padding-right: 10px !important;}&#8221; offset=&#8221;vc_col-lg-6 vc_col-md-6&#8243;][vc_empty_space height=&#8221;40px&#8221;][\/vc_column_inner][vc_column_inner css=&#8221;.vc_custom_1457538978918{padding-left: 10px !important;}&#8221; offset=&#8221;vc_col-lg-6 vc_col-md-6&#8243;][vc_empty_space height=&#8221;40px&#8221;][\/vc_column_inner][\/vc_row_inner][vc_empty_space height=&#8221;20px&#8221;][vc_single_image image=&#8221;2987&#8243; img_size=&#8221;full&#8221; onclick=&#8221;custom_link&#8221; link=&#8221;#&#8221; css=&#8221;.vc_custom_1457704542935{padding-top: 40px !important;padding-bottom: 40px !important;}&#8221;][\/vc_column][vc_column width=&#8221;2\/3&#8243; offset=&#8221;vc_col-lg-3 vc_col-md-8&#8243;][vc_widget_sidebar margin_bottom=&#8221;40&#8243; sidebar_id=&#8221;home-sidebar-top&#8221;][\/vc_column][\/vc_row][vc_row content_width=&#8221;grid&#8221;][vc_column][\/vc_column][\/vc_row][vc_row content_width=&#8221;grid&#8221; css=&#8221;.vc_custom_1456502911399{padding-top: 20px !important;}&#8221;][vc_column offset=&#8221;vc_col-lg-9 vc_col-md-12&#8243;][\/vc_column][vc_column width=&#8221;2\/3&#8243; offset=&#8221;vc_col-lg-3 vc_col-md-8&#8243;][vc_widget_sidebar [&hellip;]<\/p>\n","protected":false},"author":1,"featured_media":0,"parent":0,"menu_order":0,"comment_status":"closed","ping_status":"closed","template":"full-width.php","meta":[],"_links":{"self":[{"href":"https:\/\/radiobanda1.com.br\/portal\/index.php?rest_route=\/wp\/v2\/pages\/1039"}],"collection":[{"href":"https:\/\/radiobanda1.com.br\/portal\/index.php?rest_route=\/wp\/v2\/pages"}],"about":[{"href":"https:\/\/radiobanda1.com.br\/portal\/index.php?rest_route=\/wp\/v2\/types\/page"}],"author":[{"embeddable":true,"href":"https:\/\/radiobanda1.com.br\/portal\/index.php?rest_route=\/wp\/v2\/users\/1"}],"replies":[{"embeddable":true,"href":"https:\/\/radiobanda1.com.br\/portal\/index.php?rest_route=%2Fwp%2Fv2%2Fcomments&post=1039"}],"version-history":[{"count":0,"href":"https:\/\/radiobanda1.com.br\/portal\/index.php?rest_route=\/wp\/v2\/pages\/1039\/revisions"}],"wp:attachment":[{"href":"https:\/\/radiobanda1.com.br\/portal\/index.php?rest_route=%2Fwp%2Fv2%2Fmedia&parent=1039"}],"curies":[{"name":"wp","href":"https:\/\/api.w.org\/{rel}","templated":true}]}}